e factors of g?
2, 3
Let b = 3951 - 2499. What are the prime factors of b?
2, 3, 11
Suppose -9*n - 23650 = -20*n. Suppose 9*t = 874 + n. List the prime factors of t.
2, 3, 7
Let m = 6049 + -2321. What are the prime factors of m?
2, 233
Let c be 6/(-15) + 328/(-5). Suppose -4*b + l = 173, -2*b = 2*b + 3*l + 153. Let q = b - c. What are the prime factors of q?
2, 3
Suppose -6*b = -5*b - 3. Let z be (0 - -1) + -2 + b. Suppose 2 = 2*j - z. List the prime factors of j.
2
Let v = 1147 - 1029. List the prime factors of v.
2, 59
Let s(i) = -328*i**3 - i**2 - i - 1. List the prime factors of s(-1).
3, 109
Let o = 3223 + -2177. List the prime factors of o.
2, 523
Suppose 3*p - 3*b = 510, -5*p + 3*b = -b - 846. List the prime factors of p.
2, 83
Let l be -8*-1*(-1)/(-2). Suppose -7*k + 3*k = l, 3*p - 3*k = -3. What are the prime factors of p/10 + 318/15?
3, 7
Let l = 15 + -13. Let t(f) = f**2 + 65*f + f**l + 2*f**3 - 66*f. List the prime factors of t(1).
3
Let s = 1 + 14. Suppose -2*b + s = b. Suppose b*w + g - 48 = 3*g, w = -g + 11. List the prime factors of w.
2, 5
Let d(n) = 7*n**3 - 20*n**2 - 6*n + 6. What are the prime factors of d(5)?
3, 13
Let l(m) = -5 + 21 - 3*m - 65*m**2 + 68*m**2. What are the prime factors of l(-5)?
2, 53
List the prime factors of (-20)/35 - 2844/(-28).
101
Let h be (1 - (5 - 1)) + 11. Let f = h - 11. Let m(y) = 2*y**2 + 3*y + 1. What are the prime factors of m(f)?
2, 5
Let v(u) be the third derivative of u**6/120 - u**5/30 - u**4/8 + 2*u**3/3 - u**2. What are the prime factors of v(3)?
2
List the prime factors of 2/3*(57708/24 + -9).
1597
Suppose 35*u = -f + 33*u + 2922, 2*f - 5829 = u. What are the prime factors of f?
2, 3
Suppose 4*g - 1562 = -2*o, 0 = 2*g + 3*o - 1220 + 449. List the prime factors of g.
3, 131
What are the prime factors of (1336 - -1) + 21/(189/18)?
13, 103
Let m = -116 + 116. Suppose 2*k - 7*k = -25. Suppose -31 + 12 = -2*r + k*q, m = -3*r - 3*q + 18. What are the prime factors of r?
7
Suppose -3*q - 60 = -8*q. Suppose 2*h = -2*h + q. List the prime factors of h.
3
Suppose -2*n = -5*r - 362, r = 3 - 5. Let t = -103 + n. What are the prime factors of t?
73
Suppose 5*o - 92 = o. Suppose 5*c = 4*c, -n + o = -3*c. List the prime factors of n.
23
Let n(s) = -5*s**3 - 8*s**2 - 11*s - 24. What are the prime factors of n(-7)?
2, 43
Suppose 0 = -2*y - y. Let v be ((-140)/10)/(-2*1). Let k = y + v. List the prime factors of k.
7
Suppose 3*w - 4292 = 5*t, -3*w + w + 2*t + 2868 = 0. What are the prime factors of w?
1439
Let b be (-244)/(-5) + (-6)/(-30). Suppose -b - 3 = 4*v. Let q = v + 26. List the prime factors of q.
13
Let w(h) = 56*h + 13. Let d be w(4). Suppose -4*q = -4*s + 971 + d, 3*s - 904 = 2*q. List the prime factors of s.
2, 3, 5
Let n = 8 - 12. Let z be (-6 + -4)*n/5. Let j = z - -16. What are the prime factors of j?
2, 3
What are the prime factors of (-2150 - (4 + 5))/(-1)?
17, 127
Let k(z) be the second derivative of z**3/6 - 3*z**2 - 7*z. Let r be k(3). What are the prime factors of r/((-452)/(-232) - 2)?
2, 29
Let m(i) = -2*i**3 + i - 1 - 2*i**2 + 2 - 3*i + i**3. Let n be m(-3). Let o = -14 + n. What are the prime factors of o?
2
Let f = -11 + 12. Let t be (f + 4)/1 - 1. Suppose 5*m = t*k + 98, -2*k - 16 = -m - 0*k. List the prime factors of m.
2, 11
Suppose -1 = -m - 0, 3*v + 13 = 4*m. Let i(x) = -x**3 - 3*x**2 - 2*x - 1. List the prime factors of i(v).
5
Let n(j) = 184*j - 41. List the prime factors of n(4).
5, 139
Let f(j) = j**3 - 5*j**2 + j - 5. Let a be f(5). Suppose a = -15*m + 19*m - 500. What are the prime factors of m?
5
List the prime factors of 166/(((-20)/35)/(10/(-35))).
83
Suppose 27 = 5*r + 2. Suppose -2*b = 5*i - 120, 125 = -0*i + r*i + 3*b. List the prime factors of i.
2, 11
Let o(p) = 5*p**3 + p**2 - 3*p + 1. Let n be o(1). Suppose 0 = -3*d + 5*z + 105, n*d - 3*z - 154 = -z. What are the prime factors of d?
2, 5
Let i be (1887/(-204))/((-2)/(-8)*-1). Let o be (1/2)/(3/324). Let a = o - i. What are the prime factors of a?
17
Let x(o) = -76*o**3 + o**2 - o - 1. Let b be x(-1). Suppose -5*r = -4*r - b. List the prime factors of r.
7, 11
Let x(q) = 35*q - 1. Let s = -93 - -101. What are the prime factors of x(s)?
3, 31
Let b be 0 + (2/1 - 0). Suppose -6*n - 8 = -10*n. Suppose y + 19 = 3*k, -n*k - 3*y + b = -7. What are the prime factors of k?
2, 3
Suppose 0 = 5*q + z - 1555, 2*q + 3*z = -113 + 735. List the prime factors of q.
311
Let d(l) = -68*l - 76. What are the prime factors of d(-11)?
2, 3, 7
Let f = -8 - -2. Let d be (21/f)/((-3)/6). Let w = d - -14. List the prime factors of w.
3, 7
Let b(i) be the second derivative of -i**4/12 - i**3/2 + 17*i**2 + 18*i. List the prime factors of b(0).
2, 17
Suppose -13*h - 7*h + 8780 = 0. List the prime factors of h.
439
List the prime factors of 1586/4*(22 + -12).
5, 13, 61
Let r be 3 - (-4 + 4 - -1). Let m(x) = -x**3 - 7*x**2 - x - 1. Let h be m(-7). Suppose -3*c = -h, -123 = -r*k - 2*c - 39. What are the prime factors of k?
2, 5
Let u = -13 + 19. Suppose -5*w + u*z = 2*z - 116, 5*z = -w. List the prime factors of w.
2, 5
Let p = 26 - 13. Suppose 9*o = p*o - 684. What are the prime factors of o?
3, 19
Suppose 3*d - 5*f = -1, 0*d + 3*f = d + 7. Suppose 4*u = d, -u = -3*i + 2 + 44. What are the prime factors of i?
2
Let k be 22/5 - (-38)/(-95). Suppose -b = -1 - k, -5 = 5*q - 3*b. Suppose -q*y = -173 + 37. What are the prime factors of y?
2, 17
Suppose -c - 5*f = 9, -4*f + 0 = 8. Let u(l) = -l + 2 - 9*l + 8*l + c. What are the prime factors of u(-4)?
11
Let j(d) = 12*d**2 + 71*d - 113. List the prime factors of j(-19).
2, 5, 7, 41
Let w = 622 - 100. List the prime factors of w.
2, 3, 29
Let i(l) = 40*l**2 + 39*l - 254. List the prime factors of i(6).
2, 5, 71
Let g = 0 + 15. Let p be (18/g)/(3/(-10)). What are the prime factors of (15/p)/((-3)/8)?
2, 5
Let n(c) = -307*c + 38. What are the prime factors of n(-1)?
3, 5, 23
Suppose 0 = 4*c - 5*q + 82 - 27, 4*c + 5*q = -25. Let f = c - -23. Suppose g + 6 = f. List the prime factors of g.
7
Suppose -2*z = -47*x + 46*x - 6107, 0 = -4*z + 3*x + 12215. List the prime factors of z.
43, 71
Suppose 3*v = 7*v - 2600. List the prime factors of v.
2, 5, 13
Suppose 0 = -5*l + 23 + 47. Suppose -j = j - l. List the prime factors of (-4)/(-8)*6 + j.
2, 5
Suppose 4*m - 283 = -0*m - 5*w, 2*m + w = 143. Suppose 3*c - 64 = 5*c. Let s = m + c. List the prime factors of s.
2, 5
Let s(m) = 10*m**3 + 2*m**2 - 3*m + 2. Let d be s(1). Let t = d - 7. Suppose 0*f + 52 = t*f. What are the prime factors of f?
13
Suppose 7*p - 5*p = 6. Suppose 4*v = r + r - 236, -2*r + p*v = -237. List the prime factors of r.
2, 3, 5
Suppose -2 = -m - 3. Let t(r) = 40*r**2 - 3*r - 2. What are the prime factors of t(m)?
41
Let l(q) be the third derivative of 11*q**6/90 - 2*q**3/3 + 9*q**2. Let s(n) be the first derivative of l(n). What are the prime factors of s(1)?
2, 11
Suppose -2 = i - 0. Let k(x) = 0*x - 55*x**3 + 5*x + 5*x**2 + 51*x**3. What are the prime factors of k(i)?
2, 3, 7
Suppose -3*w + 4 = 3*a - 5*w, 0 = -3*a + 3*w + 3. Let s(h) = 21*h**3 - h**2 - 3*h + 4. List the prime factors of s(a).
2, 3
Suppose -3*w - 5*y = -84, -4*w + 3*y - 101 = -8*w. Suppose -5*o + 45 = 5*l, o + 0*l = 2*l + 3. Suppose -5*x = -o - w. What are the prime factors of x?
2, 3
Let r(p) = 4*p**2 - 7*p - 21. Let z be r(-6). Suppose z = -2*l + 7*l. What are the prime factors of l?
3, 11
Suppose -20*y + y + 21736 = 0. List the prime factors of y.
2, 11, 13
Let r be 306/4 + 11/22. Let p be (-451)/r - 2/14. What are the prime factors of p/(-27) + 644/18?
2, 3
Let c = 197 - 82. Let j = c - -80. List the prime factors of j.
3, 5, 13
Let g = -9 + 11. Suppose 0 = c + g*c - 378. List the prime factors of c.
2, 3, 7
Let b = 10 + 4. Let j be (-38)/(-10) - (-1)/5. Suppose -j*o = 2*i - b, 0*i = -2*i + 5*o + 50. What are the prime factors of i?
3, 5
Suppose 3*z + 2*r = -12 - 2, -5 = z + r. Let w = 6 + z. Suppose w*a + 6 = 58. What are the prime factors of a?
2, 13
Suppose 8141 = 2568*m - 2561*m. What are the prime factors of m?
1163
Suppose 5*q - j - 4*j = 10, -2*q - 5*j - 17 = 0. Let n(d) = -18*d + 2. What are the prime factors of n(q)?
2, 5
Let o be (-7)/((-21)/9) - 0. Suppose 173 = o*u - 46. What are the prime factors of u?
73
Suppose d + d = 0. List the prime factor